{"id":84,"date":"2017-01-20T10:25:25","date_gmt":"2017-01-20T09:25:25","guid":{"rendered":"http:\/\/www.logopaedinfo.de\/bcb\/?page_id=84"},"modified":"2025-05-21T10:27:54","modified_gmt":"2025-05-21T08:27:54","slug":"agb","status":"publish","type":"page","link":"https:\/\/www.logopaedinfo.de\/bcb\/agb\/","title":{"rendered":"AGB\/Impressum"},"content":{"rendered":"<p><strong>Allgemeine Gesch\u00e4ftsbedingungen (AGB)<\/strong><\/p>\n<p><strong>\u00a0<\/strong><\/p>\n<p><strong>B\u00e4r-Computer Solutions UG (haftungsbeschr\u00e4nkt)<\/strong><\/p>\n<p>Softwareentwicklung und -vertrieb f\u00fcr Therapie und Sonderp\u00e4dagogik<br \/>\nHard- und Softwarewartung f\u00fcr Praxen<br \/>\nUmweltmanagement<br \/>\nIT-Service und Notdienst f\u00fcr KMUs<\/p>\n<p>Warmensteinacher Str. 59; 12349 Berlin<br \/>\nFon: +49\/(0)30\/75447377<br \/>\nFax: +49\/(0)30\/75447388<br \/>\neMail: consulting@wendtnet.de<\/p>\n<p><strong>1 Gegenstand der allgemeinen Gesch\u00e4ftsbedingungen<br \/>\n<\/strong><\/p>\n<p>Gegenstand der Allgemeinen Gesch\u00e4ftsbedingungen ist die Regelung der Vertragsbedingungen f\u00fcr s\u00e4mtliche Vertr\u00e4ge der Firma B\u00e4r-Computer Solutions UG (haftungsbeschr\u00e4nkt), sowie ihrer Marken wie oben, nachfolgend &#8222;Anbieter&#8220; genannt, mit dem Kunden, nachstehend &#8222;Nutzer&#8220; oder \u201eBesteller\u201c genannt, die pers\u00f6nlich, telefonisch, schriftlich oder \u00fcber den Online-Shop geschlossen werden.<\/p>\n<p>Es gelten jeweils die Allgemeinen Gesch\u00e4ftsbedingungen in der zum Zeitpunkt des Vertragsschlusses g\u00fcltigen Fassung.<\/p>\n<p><strong>2 Zustandekommen des Vertrages<br \/>\n<\/strong><\/p>\n<p>Alle Angebote sind unverbindlich.<\/p>\n<p>Vertr\u00e4ge kommen wie folgt zustande:<br \/>\n&#8211; Per Unterschrift auf Angeboten oder Bestellscheinen (per Telefax oder Post) bez\u00fcglich Lieferungen<br \/>\n&#8211; Per pers\u00f6nlicher oder telefonischer Beauftragung f\u00fcr Serviceleistungen und Beratungen<br \/>\n&#8211; Mit dem Abschicken des Bestellformulars im Onlineshop erkl\u00e4rt der Nutzer verbindlich gegen\u00fcber dem Anbieter, die bestellte Ware erwerben zu wollen.\u00a0 Damit ist der Vertrag zustande gekommen und der Vorkassebetrag f\u00e4llig.<\/p>\n<p><strong>3 Widerrufsrecht<br \/>\n<\/strong><\/p>\n<p>Der Kunde hat das Recht, den Vertrag entsprechend den gesetzlichen Bestimmungen zu widerrufen. Ein uneingeschr\u00e4nktes R\u00fcckgaberecht i.S.v. \u00a7 361 b BGB wird nicht vereinbart. Der Kunde kann die Ware innerhalb von 14 Tagen zur\u00fcckgeben. Dies gilt bei Softwareprodukten nur, wenn die Versiegelung der Verpackung unber\u00fchrt ist, so dass eine Installation oder Kopieren des Datentr\u00e4gers ausgeschlossen werden kann. Im Falle der Aus\u00fcbung des Widerrufs, tr\u00e4gt der Kunde die Kosten der R\u00fccksendung.<\/p>\n<p><strong><br \/>\n4 Lieferung der Waren, Erbringung von Dienstleistungen<\/strong><\/p>\n<p>Die Bestellung wird unverz\u00fcglich nach ihrem Eingang beim Anbieter bearbeitet. Termine f\u00fcr Serviceleistungen werden binnen sieben Tagen vergeben.<br \/>\nServicevereinbarungen mit verk\u00fcrzten Reaktionszeiten sind m\u00f6glich.<\/p>\n<p><strong>5 Zahlung<\/strong><\/p>\n<p>Der Kaufpreis oder Verg\u00fctung ist sofort f\u00e4llig, soweit nichts anderes vereinbart ist. Ist Vertragsgegenstand eine wiederkehrende Leistung und hat der Nutzer eine regelm\u00e4\u00dfige Zahlung zu leisten, so hat der Nutzer diese Zahlung jeweils am ersten eines Monats im voraus zu leisten. Im Falle einer K\u00fcndigung werden ihm \u00fcberschie\u00dfende Zahlungen zeitanteilig zur\u00fcckerstattet. Der Nutzer ger\u00e4t automatisch in Verzug, wenn die Zahlung 30 Tage nach Zugang der Rechnung nicht beglichen ist. Bei wiederkehrenden Leistungen ger\u00e4t der Nutzer mit der Zahlung ohne Mahnung in Verzug, wenn er den Zahlungstermin vers\u00e4umt. Im Verzugsfalle werden die gesetzlichen Verzugszinsen erhoben. Das Recht zur Aufrechnung steht dem Kunden nur zu, wenn seine Gegenanspr\u00fcche rechtskr\u00e4ftig festgestellt wurden, oder diese durch den Anbieter anerkannt wurden. Der Kunde kann ein Zur\u00fcckbehaltungsrecht nur aus\u00fcben, wenn sein Gegenanspruch auf dem gleichen Vertragsverh\u00e4ltnis beruht.<\/p>\n<p><strong>6 Eigentumsvorbehalt<\/strong><\/p>\n<p>Die gelieferte Ware bleibt bis zur vollst\u00e4ndigen Zahlung des Kaufpreises Eigentum des Anbieters, unabh\u00e4ngig vom Ablauf der Widerrufsfrist.<\/p>\n<p><strong>7 Gew\u00e4hrleistung<\/strong><\/p>\n<p>Der Anbieter gew\u00e4hrleistet, dass die verkaufte Ware zum Zeitpunkt des Gefahr\u00fcberganges frei von Material- und Fabrikationsfehlern ist und die vertraglich zugesicherten Eigenschaften hat. Bei Eintreffen hat der Kunde die Ware unverz\u00fcglich auf M\u00e4ngel und Beschaffenheit zu untersuchen. Im Falle offener M\u00e4ngel m\u00fcssen diese unverz\u00fcglich nach Entdeckung schriftlich bei uns gemeldet werden, ebenso versteckte M\u00e4ngel. Anderenfalls entf\u00e4llt die Gew\u00e4hrleistung f\u00fcr diese M\u00e4ngel. Die Gew\u00e4hrleistung betr\u00e4gt 24 Monate ab Rechnungsdatum bei Privatkunden und 12 Monate bei gewerblichen Kunden.<\/p>\n<p>Bei Reklamationen muss das Kaufdatum mit einer Rechnung nachgewiesen werden. Die Gew\u00e4hrleistung erstreckt sich nicht auf den normalen Verschlei\u00df oder die Abnutzung. Die Gew\u00e4hrleistung erlischt, wenn der Kunde die gelieferte Ware ver\u00e4ndert. Der Anbieter hat w\u00e4hrend der Gew\u00e4hrleistungspflicht das Recht auf kostenlose Nachbesserung. Ein teilweiser oder vollst\u00e4ndiger Austausch des Artikels ist zul\u00e4ssig. Werden M\u00e4ngel innerhalb angemessener Frist nicht behoben, so hat der K\u00e4ufer Anspruch auf Wandlung oder Minderung. Es gilt \u00a7 476a BGB<\/p>\n<p><strong>8 Schadensersatz und Haftung<\/strong><\/p>\n<p>Jegliche Schadensanspr\u00fcche des Bestellers die \u2013 gleichg\u00fcltig aus welchem Rechtsgrund \u2013 unmittelbar im Zusammenhang mit der Bestellung, Lieferung oder Verwendung unserer Waren entstehen k\u00f6nnen, bleiben grunds\u00e4tzlich ausgeschlossen, sofern wir, unsere Erf\u00fcllungsgehilfen oder Beauftragten den Schaden nicht grob fahrl\u00e4ssig oder vors\u00e4tzlich herbeigef\u00fchrt haben.<\/p>\n<p>Bei grob fahrl\u00e4ssiger Verursachung eines Schadens und\/ oder einer auf Verletzung vertraglicher, vorvertraglicher oder gesetzlicher Pflichten beruhenden Haftung wegen grober Fahrl\u00e4ssigkeit, haftet der Anbieter nur f\u00fcr den bei Vertragsabschluss voraussehbaren Schaden bis zur H\u00f6he des vom Besteller zu zahlenden Preises.<\/p>\n<p>Ebenfalls grunds\u00e4tzlich ausgeschlossen bleiben jegliche Schadensanspr\u00fcche bei Nichteinhaltung der Einsatz- und Anwendungsrichtlinien \/ Anwendungsempfehlungen.<\/p>\n<p><strong>9 Sonderbedingungen f\u00fcr die Lieferung von Software<\/strong><\/p>\n<p>F\u00fcr die Lieferung von Software bzw. die in Baugruppen enthaltenen Software gelten grunds\u00e4tzlich folgende Einschr\u00e4nkungen bzw. Bedingungen als vereinbart:<br \/>\nDem Besteller \/ Auftraggeber ist bekannt, dass nach dem heutigen Stand der Technik Fehler in Softwareprogrammen und in der dazugeh\u00f6rigen Dokumentation nicht ausgeschlossen werden k\u00f6nnen. Daher ist der Gegenstand des Vertrages eine Software, die im Sinne der Programmbeschreibung bzw. des Entwicklungsauftrages oder Benutzeranleitung grunds\u00e4tzlich brauchbar ist.<br \/>\nBei Einsatz von Software bzw. von Produkten die Software enthalten, hat der Anwender geeignete Sicherheitsvorkehrungen zu treffen, so dass im Fehlerfall Folgesch\u00e4den, insbesondere die Gef\u00e4hrdung von Personen, soweit als m\u00f6glich ausgeschlossen sind.<br \/>\nBei innerhalb von 30 Tagen ab \u00dcbergabe an den Kunden geltend gemachten Abweichungen der Programme von der Programmbeschreibung bzw. des Entwicklungsauftrages hat der Kunde das Recht, die fehlerhafte Software an seinen Lieferanten zur\u00fcckzuschicken und die Lieferung einer neuen Programmversion zu verlangen. Ist Nachbesserung nicht m\u00f6glich oder schlagen drei Nachbesserungen fehl, hat der Kunde das Recht auf R\u00fcckg\u00e4ngigmachung des Vertrages, wobei evtl. angefertigte Kopien zu vernichten sind.<br \/>\nDar\u00fcber hinausgehende Gew\u00e4hrleistungsanspr\u00fcche sind ausdr\u00fccklich ausgeschlossen. Der Anbieter \u00fcbernimmt keine Gew\u00e4hr, dass die Programmfunktionen den Anforderungen des Kunden gen\u00fcgen oder in der von ihm getroffenen Wahl mit anderen Programmen zusammenarbeiten. Ebenso ist eine Haftung f\u00fcr entgangenen Gewinn, f\u00fcr Sch\u00e4den an oder Verlust von gespeicherten Daten sowie f\u00fcr andere mittelbare oder unmittelbare Folgesch\u00e4den ausgeschlossen, soweit nicht grob fahrl\u00e4ssig oder vors\u00e4tzliches Verhalten des Anbieters vorliegt. Gew\u00e4hrleistungsanspr\u00fcche f\u00fcr Software erl\u00f6schen in jedem Fall sechs Monate nach Lieferung.<\/p>\n<p><strong>10 Sonderbedingungen f\u00fcr Entwicklungsleistungen<\/strong><\/p>\n<p>F\u00fcr die Lieferung und Leistungen, die im Zusammenhang mit Auftragsentwicklungen erbracht werden, gelten grunds\u00e4tzlich folgende untenstehende Einschr\u00e4nkungen bzw. Bedingungen als vereinbart: Vertragsumfang ist grunds\u00e4tzlich der zwischen dem Auftraggeber und dem Anbieter schriftlich fixierte Entwicklungsumfang. Ma\u00dfgeblich ist hier im Zweifel der in der Auftragsbest\u00e4tigung genannte Umfang. Dies gilt insbesondere auch f\u00fcr den Umfang der zu erstellenden Entwicklungsunterlagen Konstruktionsunterlagen und der Dokumentation. Jegliche Form der Pr\u00fcfungen wie T\u00dcV, UL, EMV, VDE, RCA usw. werden nur durchgef\u00fchrt, wenn dies im Auftragsvolumen explizit genannt wird. Ansonsten ist grunds\u00e4tzlich davon auszugehen, dass alle Pr\u00fcfungen und Zulassungen vom Auftraggeber selbst und auf eigene Kosten durchgef\u00fchrt bzw. veranlasst werden.<br \/>\nMit der Auftragsvergabe erkennt der Auftraggeber grunds\u00e4tzlich die allgemeinen Liefer- und Zahlungsbedingungen an.<br \/>\nGleichzeitig gilt der Lieferumfang, der in den Entwicklungsauftr\u00e4gen bzw. den Auftragsbest\u00e4tigungen genannt wird, als vereinbart. Bei Entwicklungsauftr\u00e4gen in denen eine Vorauszahlung vereinbart ist, beginnt die Verpflichtung zur Auftragsbearbeitung f\u00fcr den Anbieter fr\u00fchestens mit dem Eingang der vereinbarten Vorauszahlungssumme. Lieferverz\u00f6gerungen, die auf Grund versp\u00e4teter Zahlungseing\u00e4nge entstehen, gehen zu Lasten des Auftraggebers. Alle Entwicklungsergebnisse sind nach deren \u00dcbergabe an den Auftraggeber umgehend vom Auftraggeber zu pr\u00fcfen.<\/p>\n<p><strong>11 Sonderbedingungen f\u00fcr Prototypen, Versuchsmuster und \u00e4hnliche Baugruppen<\/strong><\/p>\n<p>F\u00fcr Prototypen, Versuchsmuster und \u00e4hnliche Baugruppen gelten grunds\u00e4tzlich folgende untenstehende Einschr\u00e4nkungen bzw. Bedingungen als vereinbart: Prototypen, Versuchsmuster, Testaufbauten und \u00e4hnliche Baugruppen dienen prinzipiell der Entwicklung, Demonstration, Vortests und \u00e4hnlichen Verfahren. Sie k\u00f6nnen in ihrer Spezifikation von den geplanten Entwicklungszielen bzw. Serienkomponenten abweichen. Dies gilt insbesondere auch f\u00fcr die Einhaltung von Sicherheits- und Zulassungsbestimmungen jeglicher Art (z.B. RoHS-Konformit\u00e4t). Diese Erzeugnisse sind daher f\u00fcr den Serieneinsatz nur eingeschr\u00e4nkt oder gar nicht geeignet. Insofern ist auch eine Gew\u00e4hrleistung f\u00fcr Prototypen, Versuchsmuster, Testaufbauten und \u00e4hnlichen Baugruppen grunds\u00e4tzlich ausgeschlossen. Bei Auftr\u00e4gen, die auch eine Lieferung von Serienbaugruppen beinhaltet, gilt die Bestellung dieser Serienbaugruppen automatisch als Abnahme der Prototypen, Versuchsmuster und \u00e4hnlichen Baugruppen.<\/p>\n<p><strong>12 Datenspeicherung \/ Vertraulichkeit<\/strong><\/p>\n<p>Gem\u00e4\u00df \u00a7 28 des Bundesdatenschutzgesetzes (BDSG) machen wir darauf aufmerksam, dass die im Rahmen der Gesch\u00e4ftsabwicklung notwendigen Daten mittels einer EDV-Anlage gem\u00e4\u00df \u00a7 33 (BDSG) verarbeitet und gespeichert werden.<br \/>\nPers\u00f6nliche Daten werden selbstverst\u00e4ndlich vertraulich behandelt; dies gilt insbesondere auch f\u00fcr im Rahmen von Service und Wartung bekannt gewordene personenbezogene Daten auf Anlagen des Kunden.<\/p>\n<p><strong>13 Gerichtsstand<\/strong><\/p>\n<p>Gerichtsstand f\u00fcr alle im Zusammenhang mit dem Vertragsverh\u00e4ltnis -auch aus R\u00fccktritt- sich ergebenden Streitigkeiten ist Berlin. Es gilt ausschlie\u00dflich das Recht der Bundesrepublik Deutschland, unter Ausschlu\u00df des UN-Kaufrecht.<\/p>\n<p><strong>14 Abweichende Bedingungen des Kunden<\/strong><\/p>\n<p>F\u00fcr den Fall, dass der Kunde eigene Allgemeine Gesch\u00e4ftsbedingungen verwendet, die von diesen Allgemeinen Gesch\u00e4ftsbedingungen inhaltlich abweichen, gelten ausschlie\u00dflich die Allgemeinen Gesch\u00e4ftsbedingungen des Anbieters.<\/p>\n<p>Stand: 15.05.2025<\/p>\n","protected":false},"excerpt":{"rendered":"<p>Allgemeine Gesch\u00e4ftsbedingungen (AGB) \u00a0 B\u00e4r-Computer Solutions UG (haftungsbeschr\u00e4nkt) Softwareentwicklung und -vertrieb f\u00fcr Therapie und Sonderp\u00e4dagogik Hard- und Softwarewartung f\u00fcr Praxen Umweltmanagement IT-Service [&hellip;]<\/p>\n","protected":false},"author":1,"featured_media":0,"parent":0,"menu_order":7,"comment_status":"closed","ping_status":"closed","template":"","meta":{"footnotes":""},"class_list":["post-84","page","type-page","status-publish","hentry"],"_links":{"self":[{"href":"https:\/\/www.logopaedinfo.de\/bcb\/wp-json\/wp\/v2\/pages\/84","targetHints":{"allow":["GET"]}}],"collection":[{"href":"https:\/\/www.logopaedinfo.de\/bcb\/wp-json\/wp\/v2\/pages"}],"about":[{"href":"https:\/\/www.logopaedinfo.de\/bcb\/wp-json\/wp\/v2\/types\/page"}],"author":[{"embeddable":true,"href":"https:\/\/www.logopaedinfo.de\/bcb\/wp-json\/wp\/v2\/users\/1"}],"replies":[{"embeddable":true,"href":"https:\/\/www.logopaedinfo.de\/bcb\/wp-json\/wp\/v2\/comments?post=84"}],"version-history":[{"count":6,"href":"https:\/\/www.logopaedinfo.de\/bcb\/wp-json\/wp\/v2\/pages\/84\/revisions"}],"predecessor-version":[{"id":163,"href":"https:\/\/www.logopaedinfo.de\/bcb\/wp-json\/wp\/v2\/pages\/84\/revisions\/163"}],"wp:attachment":[{"href":"https:\/\/www.logopaedinfo.de\/bcb\/wp-json\/wp\/v2\/media?parent=84"}],"curies":[{"name":"wp","href":"https:\/\/api.w.org\/{rel}","templated":true}]}}