{"id":130,"date":"2023-02-07T12:36:41","date_gmt":"2023-02-07T11:36:41","guid":{"rendered":"http:\/\/www.logopaedinfo.de\/bcb\/?post_type=product&#038;p=130"},"modified":"2025-11-25T11:16:24","modified_gmt":"2025-11-25T10:16:24","slug":"lingwaves-theravox-inkl-vor-ort-schulung","status":"publish","type":"product","link":"https:\/\/www.logopaedinfo.de\/bcb\/produkt\/lingwaves-theravox-inkl-vor-ort-schulung\/","title":{"rendered":"lingWAVES TheraVox inkl. Vor-Ort-Schulung"},"content":{"rendered":"<p>Durch die Verwendung einfacher bis anspruchsvoller \u00dcbungen kann ein Patient spezifisch und zielorientiert durch eine Therapie begleitet werden, unter Ausnutzung der Motivationskraft eines Computers. Damit werden oft m\u00fchsame \u00dcbungen aufgrund mangelnder Selbstwahrnehmung zum erlebnisreichen Kinderspiel mit positiven Effekten im Therapieverlauf.<\/p>\n<p>TheraVox ist ein modernes und in Zusammenarbeit mit Fachanwendern entwickeltes Programm, das sich durch eine einfache Bedienung auszeichnet. Ein bew\u00e4hrtes und erfahrenes Entwicklerteam sorgt heute und in Zukunft f\u00fcr eine st\u00e4ndige Fort- und Weiterentwicklung.<\/p>\n<h3>Individuell f\u00fcr die Therapie<\/h3>\n<p>Die TheraVox Stimm- und Sprach\u00fcbungen sind in 6 Gruppen eingeteilt, die in sich und von Gruppe zu Gruppe eine dem Patienten angepasste und stufenweise Anwendung erlauben, von der einfachen \u00dcbung mit Lautst\u00e4rke\/Schall bis hin zur komplexen \u00dcbung mit vier verschiedenen Lauten oder Silben- und Wort\u00fcbungen:<\/p>\n<ul>\n<li class=\"ListeAufzaehlung\">Stimmhaft \/ Stimmlos<\/li>\n<li class=\"ListeAufzaehlung\">Lautst\u00e4rke \/ Schall<\/li>\n<li class=\"ListeAufzaehlung\">Tonh\u00f6he<\/li>\n<li class=\"ListeAufzaehlung\">Artikulation \/ Lautbildung<\/li>\n<li class=\"ListeAufzaehlung\">Stimmeinsatz<\/li>\n<li class=\"ListeAufzaehlung\">Koartikulation<\/li>\n<\/ul>\n<h3>F\u00fcr Kinder und Erwachsene<\/h3>\n<p>Die \u00dcbungen wurden sowohl f\u00fcr Kinder als auch f\u00fcr Erwachsene gestaltet. Kinder spielen und \u00fcben mit dem Delfin in verschiedenen Szenen. Neutrale Szenen wurden insbesondere f\u00fcr \u00e4ltere Patienten erstellt, um das Gef\u00fchl der Infantilisierung zu vermeiden.<\/p>\n<h3>Anwendungsgebiete<\/h3>\n<p>Anwendungsgebiete liegen in der Stimm- und Sprachtherapie bei Dyslalie, Stimmst\u00f6rungen, Dysartrie und Stottern, sowie in der F\u00f6rderung h\u00f6rgesch\u00e4digter Kinder und Erwachsener. Feedback bei St\u00f6rungen der Lautstruktur\/Sprechmotorik (Sprechapraxie) bei Patienten mit Aphasie, Kontrastierung eines Ziellautes zum Ersatzlaut, Festigung neuer Laute, mehrstufige Parkinson-Sprachtherapie, Sigmatismus\/Lispeln.<\/p>\n<h3>Systemvoraussetzungen<\/h3>\n<ul>\n<li class=\"ListeAufzaehlung\">Betriebssystem: 10 (32\/64bit)<\/li>\n<li class=\"ListeAufzaehlung\">Hardware: min. Core i5, &gt;= 8 GB RAM, min Festplatte 256 GB, 1 x USB<\/li>\n<li class=\"ListeAufzaehlung\">Lautsprecher,<\/li>\n<li class=\"ListeAufzaehlung\">TheraVox Systeme werden mit Audiohardware\/Mikrofon geliefert &#8211; eine spezielle oder zus\u00e4tzliche Soundkarte ist nicht notwendig<\/li>\n<\/ul>\n<p>Bei Fragen zu geeigneter Hardware oder zur Lieferung von vorkonfigurierten Komplettsystemem wenden Sie sich bitte an unsere Mitarbeiter.<\/p>\n<p>(C) Texte auszugsweise Wevosys GmbH<\/p>\n<p>&nbsp;<\/p>\n<p><strong>Um das Produkt optimal einsetzen zu k\u00f6nnen ist eine Schulung notwendig. Dieses Paket beinhaltet bereits die Installation und Schulung bei Ihnen am Anwendungsort f\u00fcr bis zu 3 Mitarbeiter !<br \/>\n<\/strong><\/p>\n<p><strong><em>Reisekosten sind in Berlin und Brandenburg inklusive, Schulungen in anderen Bundesl\u00e4ndern sind m\u00f6glich.<br \/>\n<\/em><\/strong><strong><em> Bitte erfragen Sie dazu Ihr individuelles Angebot.<\/em><\/strong><\/p>\n<p><em>Wenn Sie bereits Anwender von Theravox und mit dem System vertraut sind und daher keine Schulung ben\u00f6tigen melden Sie sich gern bei uns, um einen entsprechenden Rabatt zu erhalten !<\/em><\/p>\n","protected":false},"excerpt":{"rendered":"<p>lingWAVES TheraVox\u00a0 ist ein au\u00dfergew\u00f6hnliches und liebevoll gestaltetes PC-Hilfsprogramm, mit dem Stimm- und Sprecheigenschaften wie Stimmgebung \/ Stimmeinsatz, Lautst\u00e4rke, Artikulation und Prosodie in Echtzeit bildlich dargestellt werden.<\/p>\n<p>Ein Patient erh\u00e4lt damit ein visuelles Bio-Feedback \u00fcber qualitative und quantitative Merkmale seiner Stimme als entscheidenden Beitrag zur Selbstwahrnehmung in einer Therapie.<\/p>\n","protected":false},"featured_media":37,"comment_status":"closed","ping_status":"closed","template":"","meta":[],"product_brand":[],"product_cat":[7],"product_tag":[19,20,21,11,12,16,22,17,18],"class_list":{"0":"post-130","1":"product","2":"type-product","3":"status-publish","4":"has-post-thumbnail","6":"product_cat-wevosys","7":"product_tag-dylaslie","8":"product_tag-dysartrie-stottern","9":"product_tag-hoergeschaedigt","10":"product_tag-logopaedie","11":"product_tag-sprachheilarbeit","12":"product_tag-sprachuebungen","13":"product_tag-sprechapraxie","14":"product_tag-sprechspiegel","15":"product_tag-stimmtherapie","17":"first","18":"instock","19":"taxable","20":"shipping-taxable","21":"purchasable","22":"product-type-simple"},"_links":{"self":[{"href":"https:\/\/www.logopaedinfo.de\/bcb\/wp-json\/wp\/v2\/product\/130","targetHints":{"allow":["GET"]}}],"collection":[{"href":"https:\/\/www.logopaedinfo.de\/bcb\/wp-json\/wp\/v2\/product"}],"about":[{"href":"https:\/\/www.logopaedinfo.de\/bcb\/wp-json\/wp\/v2\/types\/product"}],"replies":[{"embeddable":true,"href":"https:\/\/www.logopaedinfo.de\/bcb\/wp-json\/wp\/v2\/comments?post=130"}],"wp:featuredmedia":[{"embeddable":true,"href":"https:\/\/www.logopaedinfo.de\/bcb\/wp-json\/wp\/v2\/media\/37"}],"wp:attachment":[{"href":"https:\/\/www.logopaedinfo.de\/bcb\/wp-json\/wp\/v2\/media?parent=130"}],"wp:term":[{"taxonomy":"product_brand","embeddable":true,"href":"https:\/\/www.logopaedinfo.de\/bcb\/wp-json\/wp\/v2\/product_brand?post=130"},{"taxonomy":"product_cat","embeddable":true,"href":"https:\/\/www.logopaedinfo.de\/bcb\/wp-json\/wp\/v2\/product_cat?post=130"},{"taxonomy":"product_tag","embeddable":true,"href":"https:\/\/www.logopaedinfo.de\/bcb\/wp-json\/wp\/v2\/product_tag?post=130"}],"curies":[{"name":"wp","href":"https:\/\/api.w.org\/{rel}","templated":true}]}}