{"id":60,"date":"2016-10-28T10:39:38","date_gmt":"2016-10-28T08:39:38","guid":{"rendered":"http:\/\/www.logopaedinfo.de\/bcb\/?post_type=product&#038;p=60"},"modified":"2016-10-28T10:39:38","modified_gmt":"2016-10-28T08:39:38","slug":"eugen-traeger-universelles-worttraining-uniwort-pro","status":"publish","type":"product","link":"https:\/\/www.logopaedinfo.de\/bcb\/produkt\/eugen-traeger-universelles-worttraining-uniwort-pro\/","title":{"rendered":"Eugen Traeger Universelles Worttraining (UniWort) Pro."},"content":{"rendered":"<p><span style=\"font-family: Arial; font-size: small;\"><b>UniWort geh\u00f6rt zur Grundausstattung und sollte in keiner Praxis und Schule fehlen.<br \/>\n<\/b> Die Professionell-Version bietet weitere \u00dcbungen zur Konzentration und ist f\u00fcr Praxen, Institute und Schulen von Interesse.<br \/>\nEs ist auch eine Standardversion f\u00fcr 49,00 EUR verf\u00fcgbar.<br \/>\n<span style=\"color: #ff0000;\"><b>\u00a0Einsatzbereiche: <\/b><\/span><span style=\"color: #ff0000;\">Grundschule, F\u00f6rderschule, Legasthenietherapie, Logop\u00e4die, Alphabetisierung, Aphasietherapie, Rehabilitation, Integration von Ausl\u00e4nderkindern<\/span><\/span><\/p>\n<p><span style=\"text-decoration: underline;\">Inhalte beider Versionen:<br \/>\n<\/span>1. Blitzwort2. Fehlbuchstabe<br \/>\n3. Lesen lernen<br \/>\n4. Lesen und Abschreiben<br \/>\n5. Kopfschrift<br \/>\n6. H\u00f6ren und Schreiben (Diktat)<br \/>\n7. Halbschrift<br \/>\n8. Durcheinander<br \/>\n9. Spiegelschrift<br \/>\n10. Greifspiel<\/p>\n<p><span style=\"text-decoration: underline;\">Zus\u00e4tzlich in der Professional Version:<br \/>\n<\/span>1. Zentriert hintereinander<br \/>\n2. Hinter Raster versteckt<br \/>\n3. Schlitzmaske<br \/>\n4. Maus steuert Taschenlampe<br \/>\n5. Wortanfang und Wortende<br \/>\n6. Phonologisches Training<\/p>\n<p>Texte auszugsweise (C) by Eugen Traeger Verlag<\/p>\n","protected":false},"excerpt":{"rendered":"<p><span style=\"font-family: Arial; font-size: small;\"><span style=\"color: #0000ff; font-size: large;\"><b>Hervorragend geeignet zur Behandlung von Legasthenie<\/b> <\/span><br \/>\nund zur Bearbeitung von Problemschwerpunkten der deutschen Rechtschreibung.<\/span><\/p>\n","protected":false},"featured_media":61,"comment_status":"closed","ping_status":"closed","template":"","meta":[],"product_brand":[],"product_cat":[23],"product_tag":[10,27,11,24],"class_list":{"0":"post-60","1":"product","2":"type-product","3":"status-publish","4":"has-post-thumbnail","6":"product_cat-etverlag","7":"product_tag-aphasietherapie","8":"product_tag-integration","9":"product_tag-logopaedie","10":"product_tag-schule","12":"first","13":"instock","14":"taxable","15":"shipping-taxable","16":"purchasable","17":"product-type-simple"},"_links":{"self":[{"href":"https:\/\/www.logopaedinfo.de\/bcb\/wp-json\/wp\/v2\/product\/60","targetHints":{"allow":["GET"]}}],"collection":[{"href":"https:\/\/www.logopaedinfo.de\/bcb\/wp-json\/wp\/v2\/product"}],"about":[{"href":"https:\/\/www.logopaedinfo.de\/bcb\/wp-json\/wp\/v2\/types\/product"}],"replies":[{"embeddable":true,"href":"https:\/\/www.logopaedinfo.de\/bcb\/wp-json\/wp\/v2\/comments?post=60"}],"wp:featuredmedia":[{"embeddable":true,"href":"https:\/\/www.logopaedinfo.de\/bcb\/wp-json\/wp\/v2\/media\/61"}],"wp:attachment":[{"href":"https:\/\/www.logopaedinfo.de\/bcb\/wp-json\/wp\/v2\/media?parent=60"}],"wp:term":[{"taxonomy":"product_brand","embeddable":true,"href":"https:\/\/www.logopaedinfo.de\/bcb\/wp-json\/wp\/v2\/product_brand?post=60"},{"taxonomy":"product_cat","embeddable":true,"href":"https:\/\/www.logopaedinfo.de\/bcb\/wp-json\/wp\/v2\/product_cat?post=60"},{"taxonomy":"product_tag","embeddable":true,"href":"https:\/\/www.logopaedinfo.de\/bcb\/wp-json\/wp\/v2\/product_tag?post=60"}],"curies":[{"name":"wp","href":"https:\/\/api.w.org\/{rel}","templated":true}]}}